189. Give h(6).
-15
Let w(d) = 7530*d + 548. Determine w(0).
548
Let a(k) = 117307*k + 821163. Calculate a(-7).
14
Let z(b) = -37*b**2 - 242*b + 126. Give z(-7).
7
Let o(r) = -78*r**2 + 485*r - 490. Calculate o(1).
-83
Let b(m) = 7*m - 400. Calculate b(86).
202
Let d(j) = 156*j - 2187. Determine d(14).
-3
Let v(n) = 1520*n + 816240. Calculate v(-537).
0
Let n(s) = -s**3 + 5*s**2 - 149072*s + 894471. What is n(6)?
3
Let j(t) = 20*t**2 - 2136*t - 398. Determine j(107).
30
Let a(n) = 12*n**2 + 207*n + 2455. Give a(-12).
1699
Let u(l) = 2*l**2 - 33250*l - 1400033. What is u(-42)?
-5
Let h(o) = 2*o**2 + 1140*o + 61210. Determine h(-60).
10
Let i(u) = -209*u**2 - 16718*u + 165. Determine i(-80).
5
Let h(r) = 176*r + 35857. What is h(-201)?
481
Let y(f) = -23*f**2 + 9815*f + 2563. Calculate y(427).
1
Let a(f) = -43314*f + 2079099. Give a(48).
27
Let z(y) = -2*y**3 + 154*y**2 + 26077*y + 80. What is z(-82)?
-2
Let i(r) = 161*r**3 - 166*r**2 + 146*r - 149. Determine i(1).
-8
Let i(k) = -3*k**3 - 535*k**2 + 409*k + 9083. Give i(-179).
-46
Let w(o) = o**3 + 40*o**2 - 1813*o + 99. Give w(27).
-9
Let f(j) = -93*j**2 - 21204*j + 586. What is f(-228)?
586
Let k(u) = 3600*u + 100613. Calculate k(-28).
-187
Let q(g) = -1613*g + 351. What is q(1)?
-1262
Let i(z) = z**3 - 153*z**2 + 1433*z - 327. Give i(143).
102
Let j(v) = v**2 + 62*v - 1296. Calculate j(16).
-48
Let r(h) = 4*h**2 + 5754*h - 69036. Give r(12).
588
Let k(p) = 608*p + 376985. Give k(-620).
25
Let m(s) = 23712*s - 1067036. Determine m(45).
4
Let c(y) = 83082*y - 249217. What is c(3)?
29
Let g(d) = -10*d**2 - 243*d + 535. Give g(-26).
93
Let c(t) = -15*t**2 - 4180*t - 59308. Give c(-15).
17
Let d(w) = -1937*w + 156885. Determine d(81).
-12
Let x(i) = 4*i**2 + 10*i + 73. Calculate x(-7).
199
Let n(i) = -3*i**3 - 239*i**2 + 102*i - 123. Calculate n(-80).
-1883
Let u(d) = -d**2 - 339*d - 10399. Determine u(-35).
241
Let o(y) = -11*y**3 - 44*y**2 + 47*y + 220. Give o(-3).
-20
Let w(v) = -8*v**2 + 247*v - 84. Calculate w(27).
753
Let c(z) = -55557*z + 277668. Determine c(5).
-117
Let z(i) = -i**3 - 2*i**2 - 3861*i - 15475. Calculate z(-4).
1
Let m(i) = 220771*i + 1324624. What is m(-6)?
-2
Let m(z) = 2*z**2 + 1696*z + 23. Calculate m(-848).
23
Let u(v) = 989*v + 85117. What is u(-86)?
63
Let l(o) = 730*o - 105830. Calculate l(145).
20
Let s(g) = 14*g**2 + 225*g + 796. What is s(-5)?
21
Let o(m) = -m**2 + 193*m + 57036. Calculate o(-150).
5586
Let x(u) = u**2 + 385*u + 37140. Give x(-170).
590
Let w(k) = -66*k**2 - 26*k + 4. Give w(3).
-668
Let q(p) = -1105*p + 170223. What is q(154)?
53
Let d(h) = -218*h + 7086. Determine d(34).
-326
Let m(n) = -3*n**3 - 3*n**2 + 1806. What is m(0)?
1806
Let r(l) = l**3 - 627*l**2 - 2268*l + 238131. Give r(630).
-9
Let i(r) = 262*r**2 + 713*r - 2149. Calculate i(3).
2348
Let j(z) = 747*z - 62676. Give j(84).
72
Let j(z) = 4*z**3 - 22*z**2 - 1404*z - 416. Determine j(-16).
32
Let v(w) = w**2 - 65*w + 200. Calculate v(45).
-700
Let o(t) = -637*t - 7241. What is o(-18)?
4225
Let c(u) = -u**3 + 34*u**2 - 38*u + 570. Determine c(13).
3625
Let o(f) = -4*f**3 + 49*f**2 - 74*f + 562. Determine o(14).
-1846
Let t(i) = 1079*i**3 - i**2 - 113*i - 111. Calculate t(-1).
-1078
Let f(l) = 107*l + 18620. What is f(-179)?
-533
Let s(k) = 953297*k + 18112642. Give s(-19).
-1
Let n(w) = -w**2 + 227*w + 30221. What is n(321)?
47
Let w(r) = r**3 + 502*r**2 - 22255*r - 333. Give w(41).
-5
Let b(m) = -m**3 + 164*m**2 - 437*m - 7681. Determine b(161).
-275
Let j(k) = k**3 + 2061*k**2 - 5936742*k + 3226. Give j(1615).
-4
Let f(l) = -7869*l - 527223. Calculate f(-67).
0
Let t(u) = -40*u**3 + 240*u**2 + 36*u - 227. Calculate t(6).
-11
Let b(d) = -d**2 - 735*d - 130675. Determine b(-433).
91
Let t(g) = -20*g**2 + 336*g + 737. Calculate t(19).
-99
Let i(k) = -k**3 + 42*k**2 + 125*k - 18. Calculate i(43).
3508
Let k(f) = f**3 + 38*f**2 - 50*f + 1508. Determine k(-40).
308
Let w(b) = -b**3 - 350*b**2 - 11579*b + 629. Give w(-313).
3
Let v(m) = -10*m**2 - 1377*m + 11633. Determine v(8).
-23
Let j(r) = -201*r + 72140. Calculate j(363).
-823
Let y(n) = 51*n**3 + 253*n**2 + 96*n + 541. Calculate y(-5).
11
Let i(t) = -2455*t + 333887. Calculate i(136).
7
Let z(q) = -16*q**2 - 7159*q - 17336. What is z(-445)?
19
Let m(o) = -2*o**2 + 127*o + 297. Calculate m(61).
602
Let w(t) = -170*t + 26. What is w(7)?
-1164
Let z(u) = 6*u**2 + 1235*u + 24561. Calculate z(-183).
-510
Let u(y) = 21773*y - 130619. What is u(6)?
19
Let z(q) = 2301*q - 78015. Determine z(34).
219
Let b(n) = -n**3 - 6*n**2 + 320*n + 527. Determine b(14).
1087
Let h(b) = -2*b**2 - 2127*b - 20. Give h(0).
-20
Let d(v) = v**3 + 20*v**2 + 56*v + 511. Determine d(-11).
984
Let l(h) = 2441*h - 178259. What is l(73)?
-66
Let a(t) = -16583*t - 248772. Give a(-15).
-27
Let h(c) = 10776*c - 452226. What is h(42)?
366
Let a(m) = -2*m**3 - 15*m**2 + 1545*m + 6272. Give a(-4).
-20
Let m(x) = x**3 - 223*x**2 - 466*x + 3225. Give m(225).
-375
Let i(r) = -2*r**3 - 7*r**2 + 120*r - 455. Calculate i(4).
-215
Let u(r) = 1037*r - 7223. Determine u(7).
36
Let h(s) = -7*s**3 + 26*s**2 - 957*s + 5011. Give h(5).
1
Let l(q) = -12191*q + 2864865. Determine l(235).
-20
Let y(u) = -16*u**3 - 18615*u**2 - 8137*u + 4652. Give y(-1163).
0
Let d(j) = 334*j + 61606. What is d(-185)?
-184
Let y(c) = 38086*c - 228622. Determine y(6).
-106
Let b(z) = 17563*z + 69685. Determine b(-4).
-567
Let k(c) = -5*c**2 + 241*c - 142. What is k(49)?
-338
Let y(r) = r**3 - 56*r**2 - 297*r - 264. Give y(-4).
-36
Let y(s) = s**3 + s**2 - 338*s + 403. What is y(-20)?
-437
Let s(p) = -16*p**3 + 375*p**2 - 365*p - 11. Give s(1).
-17
Let g(l) = 1847*l**2 - 14775*l - 6. What is g(8)?
2
Let n(d) = -20*d**3 - 29*d**2 - 142*d - 4. Calculate n(-5).
2481
Let d(c) = 7*c**3 + 11*c**2 - 257*c - 512. Calculate d(-2).
-10
Let s(k) = -1998*k + 257759. Calculate s(129).
17
Let v(n) = -35*n**2 - 371*n - 758. Determine v(-7).
124
Let c(p) = -70*p**2 - 910*p + 58. Give c(-14).
-922
Let t(k) = -20965*k - 272567. What is t(-13)?
-22
Let x(o) = -o**3 + 8*o**2 - 186*o + 2858. What is x(12)?
50
Let d(h) = h**3 - 65*h**2 + 114*h - 7405. Give d(65).
5
Let t(i) = 4892*i - 234816. Give t(48).
0
Let p(c) = -2*c**3 - 211*c**2 + 568*c + 2927. Calculate p(-108).
-97
Let d(p) = 4*p**3 + 77*p**2 + 255*p - 37. Determine d(-5).
113
Let a(j) = -20357*j**2 - 61002*j + 215. Give a(-3).
8
Let t(v) = -v**3 - 85*v**2 + 2217*v - 967. Calculate t(-106).
-13
Let s(o) = -2*o**2 + 862*o - 5188. Calculate s(6).
-88
Let v(i) = 5*i**3 - 36*i**2 - 156*i + 4. Give v(-3).
13
Let c(j) = -69241*j - 138416. Calculate c(-2).
66
Let o(z) = z**3 - 26*z**2 + 25*z + 21. Calculate o(25).
21
Let t(w) = 2*w**2 - 666*w + 15080. Calculate t(24).
248
Let p(l) = 9566*l + 5538723. Give p(-579).
9
Let p(g) = -6*g**3 + 160*g**2 - 377*g - 145. Calculate p(24).
23
Let b(r) = -340902*r + 340907. Calculate b(1).
5
Let k(b) = -88*b - 3527. What is k(-30)?
-887
Let n(f) = -f**2 - 672*f - 23401. Calculate n(-38).
691
Let c(r) = -r**2 - 506*r - 507. Calculate c(-1).
-2
Let s(u) = u**3 + 2410*u**2 + 14416*u + 40. Calculate s(-6).
88
Let m(z) = 5321*z + 31960. Calculate m(-6).
34
Let u(a) = 348975*a + 348988. Calculate u(-1).
13
Let s(v) = -261*v + 42323. Determine s(141).
5522
Let c(j) = -j**3 - 152*j**2 - 269*j + 26551. What is c(-149)?
29
Let f(a) = a**3 - 70*a**2 - 807*a + 551. Calculate f(80).
-9
Let y(c) = 2907501*c - 2907497. Calculate y(1).
4
Let m(l) = -5*l**3 + 3*l**2 - 256*l + 1732. Give m(7).
-1628
Let r(z) = 2*z**3 + 240*z**2 - 744*z - 552. Determine r(-123).
186
Let x(t) = t**3 - 62*t**2 + 955*t + 65. Determine x(33).
-1
Let v(w) = 2*w**3 + 51*w**2 + 148*w - 602. Calculate v(-22).
-470
Let j(m) = m**3 - 34*m**2 + 56*m + 23. Give j(2).
7
Let k(u) = 386550*u + 5025136. Give k(-13).
-14
Let r(l) = l**3 - 30*l**2 - 55*l - 136. What is r(12)?
-3388
Let z(y) = -2*y**2 - 94*y - 801. Give z(-48).
-897
Let l(k) = -1214*k + 381182. Calculate l(314).
-14
Let q(y) = y**3 + 381*y**2 + 2302*y + 19549. What is q(-375)?
49
Let s(u) = 25821*u - 232910. Give s(9).
-521
Let b(k) = -566*k**2 - 138101*k + 725. Give b(-244).
-7
Let x(i) = 18*i**2 + 422*i + 232. Calculate x(-23).
48
Let q(j) = 16*j**2 + 1020*j - 3965. Give q(4).
371
Let h(v) = -v**2 + 120*v + 713. Give h(126).
